s divided by 100?
84
Calculate the remainder when 287 is divided by 29.
26
What is the remainder when 3486 is divided by 60?
6
Calculate the remainder when 3161 is divided by 50.
11
Calculate the remainder when 2921 is divided by 25.
21
What is the remainder when 25023 is divided by 17?
16
What is the remainder when 1148 is divided by 32?
28
Calculate the remainder when 62 is divided by 25.
12
Calculate the remainder when 56 is divided by 4.
0
What is the remainder when 373 is divided by 125?
123
Calculate the remainder when 155 is divided by 79.
76
Calculate the remainder when 6 is divided by 4.
2
Calculate the remainder when 1810 is divided by 182.
172
What is the remainder when 309 is divided by 71?
25
What is the remainder when 13722 is divided by 31?
20
Calculate the remainder when 18491 is divided by 138.
137
Calculate the remainder when 2203 is divided by 548.
11
Calculate the remainder when 1906 is divided by 36.
34
What is the remainder when 342 is divided by 58?
52
What is the remainder when 95 is divided by 25?
20
What is the remainder when 430 is divided by 3?
1
What is the remainder when 168 is divided by 59?
50
What is the remainder when 159 is divided by 34?
23
Calculate the remainder when 231 is divided by 34.
27
Calculate the remainder when 1846 is divided by 56.
54
What is the remainder when 76 is divided by 20?
16
What is the remainder when 185 is divided by 10?
5
Calculate the remainder when 797 is divided by 67.
60
Calculate the remainder when 2763 is divided by 146.
135
Calculate the remainder when 257 is divided by 13.
10
What is the remainder when 27 is divided by 15?
12
Calculate the remainder when 92 is divided by 16.
12
Calculate the remainder when 995 is divided by 109.
14
Calculate the remainder when 1108 is divided by 74.
72
Calculate the remainder when 41 is divided by 17.
7
Calculate the remainder when 52 is divided by 2.
0
Calculate the remainder when 6984 is divided by 137.
134
Calculate the remainder when 85 is divided by 78.
7
Calculate the remainder when 79 is divided by 19.
3
What is the remainder when 428 is divided by 86?
84
Calculate the remainder when 271 is divided by 74.
49
What is the remainder when 570 is divided by 212?
146
Calculate the remainder when 1489 is divided by 69.
40
Calculate the remainder when 10310 is divided by 7.
6
Calculate the remainder when 17 is divided by 6.
5
What is the remainder when 97 is divided by 7?
6
Calculate the remainder when 2574 is divided by 99.
0
What is the remainder when 4268 is divided by 35?
33
Calculate the remainder when 295 is divided by 23.
19
Calculate the remainder when 677 is divided by 152.
69
Calculate the remainder when 1334 is divided by 15.
14
What is the remainder when 73 is divided by 59?
14
Calculate the remainder when 1781 is divided by 27.
26
Calculate the remainder when 230 is divided by 79.
72
What is the remainder when 32845 is divided by 16?
13
Calculate the remainder when 517 is divided by 19.
4
Calculate the remainder when 124 is divided by 18.
16
What is the remainder when 230 is divided by 7?
6
What is the remainder when 583 is divided by 122?
95
Calculate the remainder when 66 is divided by 20.
6
What is the remainder when 28 is divided by 12?
4
Calculate the remainder when 943 is divided by 15.
13
Calculate the remainder when 71 is divided by 57.
14
What is the remainder when 344 is divided by 23?
22
Calculate the remainder when 24 is divided by 13.
11
What is the remainder when 4768 is divided by 13?
10
Calculate the remainder when 96 is divided by 37.
22
What is the remainder when 3973 is divided by 444?
421
What is the remainder when 468 is divided by 5?
3
What is the remainder when 1203 is divided by 129?
42
Calculate the remainder when 7758 is divided by 97.
95
Calculate the remainder when 203 is divided by 38.
13
What is the remainder when 9076 is divided by 43?
3
What is the remainder when 227 is divided by 19?
18
What is the remainder when 1550 is divided by 761?
28
What is the remainder when 372 is divided by 25?
22
Calculate the remainder when 41 is divided by 28.
13
Calculate the remainder when 372 is divided by 25.
22
Calculate the remainder when 680 is divided by 42.
8
Calculate the remainder when 359 is divided by 24.
23
Calculate the remainder when 4392 is divided by 13.
11
Calculate the remainder when 334 is divided by 69.
58
Calculate the remainder when 393 is divided by 112.
57
Calculate the remainder when 447 is divided by 155.
137
What is the remainder when 96 is divided by 13?
5
Calculate the remainder when 2045 is divided by 186.
185
Calculate the remainder when 24 is divided by 5.
4
Calculate the remainder when 388 is divided by 3.
1
What is the remainder when 1121 is divided by 162?
149
What is the remainder when 112 is divided by 20?
12
Calculate the remainder when 2018 is divided by 88.
82
Calculate the remainder when 161 is divided by 34.
25
Calculate the remainder when 3674 is divided by 7.
6
Calculate the remainder when 293 is divided by 78.
59
What is the remainder when 4287 is divided by 33?
30
What is the remainder when 8413 is divided by 255?
253
Calculate the remainder when 2987 is divided by 36.
35
Calculate the remainder when 582 is divided by 16.
6
What is the remainder when 94 is divided by 5?
4
Calculate the remainder when 302 is divided by 118.
66
Calculate the remainder when 522 is divided by 15.
12
Calculate the remainder when 31 is divided by 17.
14
What is the remainder when 26 is divided by 3?
2
What is the remainder when 339 is divided by 38?
35
Calculate the remainder when 127 is divided by 36.
19
Calculate the remainder when 1421 is divided by 9.
8
What is the remainder when 879 is divided by 147?
144
Calculate the remainder when 90 is divided by 24.
18
Calculate the remainder when 116 is divided by 6.
2
Calculate the remainder when 2004 is divided by 2002.
2
What is the remainder when 1884 is divided by 45?
39
Calculate the remainder when 922 is divided by 548.
374
What is the remainder when 31 is divided by 20?
11
Calculate the remainder when 2172 is divided by 38.
6
Calculate the remainder when 3192 is divided by 139.
134
Calculate the remainder when 646 is divided by 82.
72
What is the remainder when 346 is divided by 87?
85
Calculate the remainder when 961 is divided by 61.
46
Calculate the remainder when 1053 is divided by 61.
16
What is the remainder when 1871 is divided by 104?
103
Calculate the remainder when 259 is divided by 46.
29
What is the remainder when 4857 is divided by 54?
51
Calculate the remainder when 140 is divided by 53.
34
Calculate the remainder when 7 is divided by 5.
2
Calculate the remainder when 3402 is divided by 5.
2
Calculate the remainder when 124 is divided by 16.
12
What is the remainder when 2109 is divided by 702?
3
Calculate the remainder when 2060 is divided by 60.
20
Calculate the remainder when 107 is divided by 39.
29
Calculate the remainder when 154 is divided by 46.
16
What is the remainder when 67372 is divided by 35?
32
What is the remainder when 209 is divided by 143?
66
Calculate the remainder when 174 is divided by 35.
34
Calculate the remainder when 86 is divided by 14.
2
Calculate the remainder when 237 is divided by 22.
17
What is the remainder when 856 is divided by 279?
19
Calculate the remainder when 1162 is divided by 23.
12
What is the remainder when 995 is divided by 125?
120
Calculate the remainder when 3243 is divided by 191.
187
Calculate the remainder when 975 is divided by 20.
15
What is the remainder when 433 is divided by 89?
77
What is the remainder when 681 is divided by 205?
66
What is the remainder when 172 is divided by 60?
52
Calculate the remainder when 585 is divided by 32.
9
Calculate the remainder when 1513 is divided by 16.
9
What is the remainder when 9096 is divided by 260?
256
Calculate the remainder when 109 is divided by 61.
48
What is the remainder when 124 is divided by 31?
0
What is the remainder when 1178 is divided by 115?
28
Calculate the remainder when 386 is divided by 43.
42
What is the remainder when 3626 is divided by 402?
8
Calculate the remainder when 372 is divided by 34.
32
Calculate the remainder when 335 is divided by 34.
29
What is the remainder when 690 is divided by 45?
15
Calcul